e
Is 35087684431 a prime number?
False
Is 5986968221 composite?
True
Is 325646469997 prime?
True
Is 13886140273 prime?
True
Is 94014633803 a composite number?
False
Is 22773228503 a prime number?
False
Is 6070221031 a prime number?
False
Is 1255591 a composite number?
False
Is 68379865219 prime?
True
Is 3982470853 prime?
True
Is 26055991123 a prime number?
False
Is 39281585029 composite?
False
Is 87170585839 a composite number?
False
Is 24337826987 a composite number?
False
Is 129650049431 composite?
True
Is 3088258763 composite?
False
Is 2174079253 composite?
True
Is 373608953 prime?
False
Is 745753187 composite?
False
Is 2545756141 a prime number?
True
Is 13909169 a composite number?
False
Is 37033788793 a prime number?
False
Is 795916019 composite?
False
Is 2154517567 a prime number?
False
Is 312074047 composite?
False
Is 6975932443 a composite number?
False
Is 139396051777 composite?
False
Is 718149967 composite?
True
Is 73736757119 a composite number?
False
Is 120084551 prime?
False
Is 29197207267 a composite number?
False
Is 126391381 composite?
False
Is 786594617 a prime number?
True
Is 4184187977 a composite number?
False
Is 8335819721 composite?
True
Is 1343301499 prime?
False
Is 629768063 a prime number?
True
Is 12038074723 a prime number?
True
Is 10453908181 prime?
False
Is 18966489137 prime?
True
Is 1066189337 composite?
True
Is 41011010827 a prime number?
False
Is 5325577307 a composite number?
True
Is 36806157113 prime?
False
Is 78370120831 a composite number?
True
Is 975416317 a composite number?
True
Is 11250132473 prime?
True
Is 15300237751 a prime number?
False
Is 2150725399 prime?
True
Is 2871992527 a prime number?
False
Is 128756813 a composite number?
True
Is 61495869451 a prime number?
True
Is 5268568598 composite?
True
Is 2838951331 a prime number?
False
Is 1069589069 a composite number?
True
Is 3093138349 prime?
False
Is 2395272643 composite?
False
Is 17059918801 a composite number?
True
Is 16088045191 prime?
False
Is 42336474737 composite?
False
Is 372413827 a composite number?
False
Is 12797961293 composite?
True
Is 47716793 a composite number?
False
Is 494037757 a composite number?
False
Is 16839316981 composite?
True
Is 46765319 a prime number?
True
Is 495126845 composite?
True
Is 72472177 prime?
False
Is 8330380897 a composite number?
False
Is 5669288374 composite?
True
Is 27986905991 prime?
False
Is 243024247 a composite number?
False
Is 710356037 prime?
False
Is 12499200305 composite?
True
Is 34583428391 composite?
True
Is 120648181769 composite?
False
Is 616964671 a composite number?
False
Is 16169900003 a prime number?
True
Is 6589140097 a prime number?
True
Is 1359188669 prime?
True
Is 13016334923 composite?
True
Is 74967667 composite?
True
Is 2874656519 composite?
True
Is 3628175137 prime?
True
Is 48478245677 prime?
True
Is 1788616033 prime?
False
Is 470272787 prime?
False
Is 151419362537 a prime number?
True
Is 23911431409 composite?
True
Is 7829950571 prime?
False
Is 26679617378 prime?
False
Is 1351181147 prime?
True
Is 1046842598 prime?
False
Is 4338977081 a prime number?
False
Is 440357371 prime?
True
Is 20167901407 a composite number?
True
Is 206368369 a prime number?
True
Is 3189641893 a composite number?
True
Is 2935294773 a composite number?
True
Is 12989951705 prime?
False
Is 54111076351 a prime number?
False
Is 2863228217 composite?
False
Is 23861051279 a prime number?
False
Is 2221878077 composite?
True
Is 101641181793 a prime number?
False
Is 121286621 a composite number?
False
Is 10614377297 a prime number?
True
Is 1208143009 prime?
True
Is 11374667867 a prime number?
False
Is 30675782629 composite?
False
Is 55172683 composite?
True
Is 660322049 prime?
False
Is 18172704767 a prime number?
False
Is 1898540443 a prime number?
False
Is 28397962441 a composite number?
True
Is 931095101 a composite number?
False
Is 492370379 prime?
True
Is 26655609131 a prime number?
False
Is 1059996373 a prime number?
True
Is 463330345 a composite number?
True
Is 8894315687 composite?
False
Is 20653198121 composite?
True
Is 532037999 prime?
True
Is 34153601363 composite?
True
Is 22709443087 a prime number?
False
Is 13720250729 a composite number?
True
Is 31768818161 composite?
True
Is 87310103227 a composite number?
False
Is 1852474903 composite?
False
Is 41519639453 composite?
True
Is 15195331147 prime?
True
Is 2115747941 prime?
False
Is 26900135033 prime?
True
Is 6737023949 prime?
True
Is 74251693 composite?
True
Is 1165275121 a composite number?
True
Is 78238567193 a prime number?
False
Is 1205220973 prime?
False
Is 4856469643 prime?
True
Is 7088329541 prime?
True
Is 1240206179 composite?
True
Is 261648264329 prime?
True
Is 2069310809 a composite number?
True
Is 4390767049 a composite number?
False
Is 3138245779 prime?
False
Is 4849877173 composite?
False
Is 38932847603 a prime number?
False
Is 148733605733 composite?
False
Is 613899527 a composite number?
False
Is 2474412169 a composite number?
True
Is 168884143 composite?
False
Is 899269121 a composite number?
False
Is 1328217367 a prime number?
False
Is 22063009849 prime?
False
Is 633510047 a composite number?
False
Is 647857853 a prime number?
True
Is 347936357 a prime number?
False
Is 17160940679 a prime number?
False
Is 61442066897 a composite number?
False
Is 64046051 a composite number?
False
Is 24220271 a composite number?
False
Is 7000386623 prime?
True
Is 19653173543 prime?
True
Is 706757591 a composite number?
True
Is 7134189919 composite?
False
Is 7142358317 a composite number?
True
Is 1450615393 prime?
False
Is 2083138033 prime?
False
Is 27531838583 composite?
False
Is 63341164759 a prime number?
True
Is 235824179 a composite number?
True
Is 282759637 a composite number?
False
Is 40463401229 a composite number?
False
Is 118874719846 prime?
False
Is 857504729 a composite number?
False
Is 99542669 a composite number?
False
Is 2586376619 a composite number?
True
Is 1794897407 composite?
False
Is 1228711954 prime?
False
Is 102167057201 composite?
True
Is 32549022293 prime?
True
Is 3789725987 prime?
True
Is 3361924333 a composite number?
False
Is 27884050699 composite?
True
Is 83992500509 prime?
False
Is 1864975991 a composite number?
False
Is 2640830981 composite?
False
Is 18165209059 prime?
False
Is 443145533 a prime number?
True
Is 48967939117 a prime number?
False
Is 1863569481 prime?
False
Is 34066261 composite?
True
Is 104246463323 composite?
False
Is 41434409 composite?
False
Is 2495714911 a prime number?
False
Is 7450739 prime?
False
Is 18463065613 composite?
False
Is 897212809 composite?
False
Is 45534085427 a composite number?
True
Is 942311001 a composite number?
True
Is 59268955 composite?
True
Is 63635608301 a composite number?
True
Is 1528954178 composite?
True
Is 16220143591 composite?
False
Is 3158762641 a composite number?
True
Is 1327171259 a composite number?
True
Is 10375506767 prime?
True
Is 201832561 a composite number?
True
Is 43338721663 a composite number?
True
Is 614108011 prime?
False
Is 12135795163 a prime number?
True
Is 3394390661 a composite number?
False
Is 1337327753 composite?
False
Is 126820097 a composite number?
False
Is 213383207 prime?
True
Is 1355627881 composite?
True
Is 683877877 prime?
True
Is 599515513 a prime number?
False
Is 1937314939 composite?
True
Is 101889269789 a prime number?
True
Is 4507656929 a prime number?
True
Is 25022371597 a composite number?
False
Is 56549402009 a composite number?
False
Is 813584378 a prime number?
False
Is 6776095517 composite?
False
Is 20786141 composite?
True
Is 94688550323 a prime number?
False
Is 73878646913 prime?
False
Is 1777964791 composite?
True
Is 325438823 composite?
False
Is 102043677039 a prime number?
False
Is 99506999 a prime number?
True
Is 27126477293 a composite number?
False
Is 3471782441 composite?
False
Is 189870049 a composite number?
True
Is 119986927 prime?
True
Is 4867275243 a composite number?
True
Is 33240599101 composite?
False
Is 436753583 prime?
False
Is 1790982043 a composite number?
True
Is 92032597 composite?
True
Is 15229055 prime?
False
Is 81161 a composite number?
True
Is 1521919613 composite?
True
Is 3313458443 a composite number?
True
Is 728655383 a composite number?
False
Is 382066631 a composite number?
False
Is 1284349063 prime?
Fa